{"id":47,"date":"2011-12-01T13:23:52","date_gmt":"2011-12-01T12:23:52","guid":{"rendered":"http:\/\/paripa.de\/?page_id=47"},"modified":"2023-06-18T22:48:46","modified_gmt":"2023-06-18T20:48:46","slug":"impressum","status":"publish","type":"page","link":"https:\/\/paripa.de\/?page_id=47","title":{"rendered":"Bestellen"},"content":{"rendered":"<p>Die Paripa Rahmen verkaufen wir <a href=\"https:\/\/rad-spannerei.de\/produkt-kategorie\/fahrradrahmen\/\">online<\/a> zum selber Aufbauen.<br \/>Du kannst sie in RAL-Wunschfarbe pulverbeschichtet oder v\u00f6llig ohne Beschichtung roh bestellen.<br \/>Ein pulverbeschichtetes Rahmenset kostet 750,00 \u20ac, ohne Farbe 650,00 \u20ac.<\/p>\n<p><a href=\"http:\/\/paripa.de\/wp-content\/uploads\/2015\/12\/paripa_k-serie_rahmen.jpg\"><img loading=\"lazy\" class=\"alignnone size-full wp-image-90\" title=\"paripa_k-serie_rahmen\" src=\"http:\/\/paripa.de\/wp-content\/uploads\/2015\/12\/paripa_k-serie_rahmen.jpg\" alt=\"\" width=\"700\" height=\"471\"><\/a><\/p>\n<p>Zuerst solltest du dir klar dar\u00fcber werden welche Rahmenh\u00f6he zu dir passt.<br \/>Die Rahmenh\u00f6he ist unter anderem abh\u00e4ngig von deiner Schrittl\u00e4nge,<br \/>also von der L\u00e4nge deiner Beine.<br \/>Wenn du vom Sattel gehst, solltest du \u00fcber dem Rad stehen k\u00f6nnen.<\/p>\n<p>Auf der <em>Technische Daten<\/em> Seite findest du Geometrietabellen mit \u00dcberstandsh\u00f6hen.<br \/>Als Richtwert geben wir folgendes an:<\/p>\n<p>K\u00f6rpergr\u00f6\u00dfe 163 &#8211; 170 cm = 48 &#8211; 51 cm Rahmenh\u00f6he<br \/>171 &#8211; 178 cm = 52 &#8211; 54 cm Rahmenh\u00f6he<br \/>179 &#8211; 186 cm = 56 &#8211; 57 cm Rahmenh\u00f6he<br \/>187 &#8211; 195 cm = 59 &#8211; 62 cm Rahmenh\u00f6he<br \/>196 &#8211; 203 cm = 63 cm Rahmenh\u00f6he<\/p>\n<p>Wenn du dir nicht sicher bist, welche Rahmenh\u00f6he f\u00fcr dich am besten ist, lass dich von uns beraten.<br \/>Schick uns deine Wunschausstattung <a href=\"mailto:mai@rad-spannerei.de\">als mail<\/a> wir werden dir umgehend ein Angebot unterbreiten.<br \/>Falls du noch weitere Fragen hast, kannst du uns auch gerne direkt kontaktieren.<\/p>\n<p>Paripa ist eine Marke der<br \/>Radspannerei GbR<br \/>Kottbusser Str. 8<br \/>10999 Berlin<br \/>Tel: 030 &#8211; 615 29 39<br \/><a title=\"Rad-Spannerei\" href=\"http:\/\/www.rad-spannerei.de\/\">www.rad-spannerei.de\/<\/a><br \/>mail: <a title=\"Mail an die Rad-Spannerei\" href=\"mailto:mail@rad-spannerei.de\">mail@rad-spannerei.de<\/a><\/p>\n<p><strong>\u00d6ffnungszeiten<\/strong><br \/>Mo, Di: 11 bis 19 Uhr<br \/>Mi: 12 bis 20 Uhr<br \/>Do + Fr: 11 bis 19 Uhr<br \/>Sa: 12 bis 19 Uhr<br \/><small><a style=\"color: #0000ff; text-align: left;\" href=\"http:\/\/maps.google.de\/maps?ie=UTF8&amp;hq=&amp;hnear=Berlin&amp;t=m&amp;vpsrc=6&amp;ll=52.497492,13.418684&amp;spn=0.004572,0.00912&amp;z=16&amp;source=embed\">Gr\u00f6\u00dfere Kartenansicht<\/a><\/small><\/p>\n<p><\/p>\n<p><\/p>\n","protected":false},"excerpt":{"rendered":"<p>Die Paripa Rahmen verkaufen wir online zum selber Aufbauen.Du kannst sie in RAL-Wunschfarbe pulverbeschichtet oder v\u00f6llig ohne Beschichtung roh bestellen.Ein pulverbeschichtetes Rahmenset kostet 750,00 \u20ac, ohne Farbe 650,00 \u20ac. Zuerst solltest du dir klar dar\u00fcber werden welche Rahmenh\u00f6he zu dir passt.Die Rahmenh\u00f6he ist unter anderem abh\u00e4ngig von deiner Schrittl\u00e4nge,also von der L\u00e4nge deiner Beine.Wenn du [&hellip;]<\/p>\n","protected":false},"author":4,"featured_media":0,"parent":0,"menu_order":0,"comment_status":"closed","ping_status":"closed","template":"","meta":[],"_links":{"self":[{"href":"https:\/\/paripa.de\/index.php?rest_route=\/wp\/v2\/pages\/47"}],"collection":[{"href":"https:\/\/paripa.de\/index.php?rest_route=\/wp\/v2\/pages"}],"about":[{"href":"https:\/\/paripa.de\/index.php?rest_route=\/wp\/v2\/types\/page"}],"author":[{"embeddable":true,"href":"https:\/\/paripa.de\/index.php?rest_route=\/wp\/v2\/users\/4"}],"replies":[{"embeddable":true,"href":"https:\/\/paripa.de\/index.php?rest_route=%2Fwp%2Fv2%2Fcomments&post=47"}],"version-history":[{"count":10,"href":"https:\/\/paripa.de\/index.php?rest_route=\/wp\/v2\/pages\/47\/revisions"}],"predecessor-version":[{"id":561,"href":"https:\/\/paripa.de\/index.php?rest_route=\/wp\/v2\/pages\/47\/revisions\/561"}],"wp:attachment":[{"href":"https:\/\/paripa.de\/index.php?rest_route=%2Fwp%2Fv2%2Fmedia&parent=47"}],"curies":[{"name":"wp","href":"https:\/\/api.w.org\/{rel}","templated":true}]}}