{"id":390,"date":"2019-01-24T14:25:18","date_gmt":"2019-01-24T13:25:18","guid":{"rendered":"http:\/\/paripa.de\/?page_id=390"},"modified":"2023-06-18T22:17:52","modified_gmt":"2023-06-18T20:17:52","slug":"paripa-jwd-k20","status":"publish","type":"page","link":"https:\/\/paripa.de\/?page_id=390","title":{"rendered":"Paripa jwd K20"},"content":{"rendered":"<p><a href=\"https:\/\/paripa.de\/wp-content\/uploads\/2019\/01\/rad_paripa_jwd20_lila.jpg\"><img loading=\"lazy\" class=\"aligncenter size-large wp-image-391\" title=\"rad_paripa_jwd20_lila\" src=\"https:\/\/paripa.de\/wp-content\/uploads\/2019\/01\/rad_paripa_jwd20_lila-1024x768.jpg\" alt=\"\" width=\"1024\" height=\"768\" srcset=\"https:\/\/paripa.de\/wp-content\/uploads\/2019\/01\/rad_paripa_jwd20_lila-1024x768.jpg 1024w, https:\/\/paripa.de\/wp-content\/uploads\/2019\/01\/rad_paripa_jwd20_lila-300x225.jpg 300w, https:\/\/paripa.de\/wp-content\/uploads\/2019\/01\/rad_paripa_jwd20_lila-768x576.jpg 768w, https:\/\/paripa.de\/wp-content\/uploads\/2019\/01\/rad_paripa_jwd20_lila-1536x1152.jpg 1536w, https:\/\/paripa.de\/wp-content\/uploads\/2019\/01\/rad_paripa_jwd20_lila-642x482.jpg 642w, https:\/\/paripa.de\/wp-content\/uploads\/2019\/01\/rad_paripa_jwd20_lila-978x734.jpg 978w, https:\/\/paripa.de\/wp-content\/uploads\/2019\/01\/rad_paripa_jwd20_lila.jpg 2000w\" sizes=\"(max-width: 1024px) 100vw, 1024px\" \/><\/a>Als Reiserad ist das Paripa JWD ein echtes Cham\u00e4leon: Mit gutem Geradeauslauf wenn es vollgeladen ist, aber spritzig und schnell ohne Gep\u00e4ck.<br \/>\nDu kannst es als Komplettrad erwerben oder individuell zusammenstellen lassen.<br \/>\nRahmen und Gabel werden in RAL Farben nach Wunsch gepulvert!<\/p>\n<p>Wir haben den Rahmen mit Befestigungsm\u00f6glichkeiten f\u00fcr Schutzbleche, zwei Flaschen und Gep\u00e4cktr\u00e4ger vorn und hinten ausgestattet. Lichtkabel kann im Rahmen verlegt werden. Es passen Reifen bis 42 mm Breite. Der Rahmen ist aus 4130 Cromoly Stahl geschwei\u00dft, die drei Hauptrohre sind konifiziert. Die Gabel ist gemufft gel\u00f6tet.<\/p>\n<p><strong>Als Reiserad empfehlen wir nach sorgf\u00e4ltiger Abw\u00e4gung folgende Standard Ausstattung:<\/strong><br \/>\nRahmen &amp; Gabel: PARIPA JWD 4130 CrMo Stahl<br \/>\nSteuersatz: Tange mit Industrie-Lagern<br \/>\nSchaltung: Shimano Tiagra<br \/>\nLED Beleuchtung mit B&amp;M Eyc-t \/ Toplight Line + und Shutter PV-8 Nabendynamo<br \/>\nHR Nabe: Novatec 4-fach gelagert<br \/>\nKurbelsatz: Sugino XD 48\/34 Z\u00e4hne oder Tiagra 50\/39\/30 Z\u00e4hne<br \/>\nPedale: MKS Sylvan Touring<br \/>\nBremsen: Tektro RX-6 Mini V-brakes<br \/>\nBremshebel: Tiagra STI \/ Tektro Flatbar<br \/>\nFelge: Ryde Sputnik doppelt ge\u00f6st<br \/>\nSpeichen: Niro<br \/>\nReifen: Schwalbe Marathon Racer<br \/>\nLenker: Pro Discover 12\u00b0 compact Rennlenker \/ Alu Flatbar<br \/>\nVorbau: Alu Ahead<br \/>\nLenkerband: Deda Kork \/ Hand-eez Gummi<br \/>\nSattelst\u00fctze: Alu Patent<br \/>\nSattel: Velo<br \/>\nGep\u00e4cktr\u00e4ger: Tubus Vega<br \/>\nSchutzbleche: SKS Bluemels 42mm<br \/>\nGewicht: ab 13,5 kg<\/p>\n<p><strong>Optionen:<\/strong><br \/>\nBeleuchtung: SON Beleuchtung komplett<br \/>\n&#8211; Nabendynamo: SON 28<br \/>\n&#8211; Scheinwerfer: SON edelux II mit Standlicht und Sensor-Automatik<br \/>\n&#8211; R\u00fccklicht: SON mit Standlicht<\/p>\n<p>Lenker:<br \/>\n-Nitto B177 Noodle<br \/>\n-Nitto B136 Randonneur<\/p>\n<p>Sattel:<br \/>\nBrooks B17 Ledersattel<\/p>\n<p>Bereifung extra stabil gegen Scherben:<br \/>\nSchwalbe Marathon Plus<\/p>\n<p>Schutzbleche:<br \/>\nGilles Berthoud Edelstahl poliert<\/p>\n<p><strong>Paripa JWD Rahmen technische Spezifikationen<br \/>\n<\/strong><\/p>\n<p><strong>Rahmenh\u00f6hen:<\/strong> 50, 53, 56, 59, 62cm (Mitte Tretlager bis Oberkante Sattelrohr gemessen).<\/p>\n<p><strong>Rohrsatz:<\/strong> Sanko 4130 CrMo Stahl, Hauptrohre doppelt konifiziert, WIG geschwei\u00dft, geschmiedeter Gabelkopf mit eingel\u00f6teten Gabelbeinen<\/p>\n<p><strong>Ausfallenden:<\/strong> Geschmiedet semi-horizontal (mit Stellschrauben um f\u00fcr die Verwendung mit Kettenschaltung die Position des Laufrades im Ausfallende zu definieren). Die Einbaubreite betr\u00e4gt 132,5mm, damit k\u00f6nnen 130 &amp; 135mm Naben verwendet werden.<\/p>\n<p><strong>Bremsen:<\/strong> Cantileversockel f\u00fcr V-Brakes oder Cantileverbremsen<\/p>\n<p><strong>Anl\u00f6tteile:<\/strong> \u00d6sen f\u00fcr Schutzbleche am Vorder und Hinterrad, Gep\u00e4cktr\u00e4ger vorn &amp; hinten, zwei Flaschenhalter und Schaltzugf\u00fchrung am Unterrohr bei Nabenschaltung. Schaltsockel am Unterrohr f\u00fcr Schalthebel oder Gegenhalter. 4mm L\u00f6cher in Unterrohr und Hinterbaustrebe links f\u00fcr die Verlegung von Lichtkabel im Rahmen.<\/p>\n<p><strong>Sattelrohrdurchmesser:<\/strong> 27.2mm<\/p>\n<p><strong>Sattelklemmschelle:<\/strong> 30.0mm Alu (im Lieferumfang enthalten)<\/p>\n<p><strong>Steuerrohrdurchmesser:<\/strong> 1 1\/8 Zoll Ahead (geschraubt gegen Aufpreis von 25 \u20ac)<\/p>\n<p><strong>Durchmesser der Umwerferschelle:<\/strong> 28.6mm<\/p>\n<p><strong>Tretlager:<\/strong> 68mm BSA 1.37\u02dd x 24t<\/p>\n<p><strong>Reifenfreiheit:<\/strong> 40mm mit Schutzblechen, ca. 44mm ohne Schutzbleche abh\u00e4ngig vom Reifenhersteller und der Position des Hinterrades im Ausfallende.<\/p>\n<p><strong>Gabel:<\/strong> 4130 CroMo gel\u00f6tet mit geschmiedetem Gabelkopf und Ausfallenden. \u00d6sen f\u00fcr Schutzblech, Low Rider und Lichtkabel-Verlegung. 55mm Gabelvorbiegung.<\/p>\n<p>Die Rahmen sind in jeder <a href=\"https:\/\/de.wikipedia.org\/wiki\/RAL-Farbe\">RAL<\/a> Farbe erh\u00e4ltlich.<\/p>\n<p><strong>Rahmengeometrie Paripa jwd<\/strong><\/p>\n<p><img loading=\"lazy\" class=\"alignnone\" src=\"https:\/\/paripa.de\/wp-content\/uploads\/2011\/12\/paripa-geometrie-600x430-1-b.jpg\" alt=\"\" width=\"600\" height=\"430\" \/><\/p>\n<table border=\"0\" width=\"600\">\n<tbody>\n<tr>\n<td width=\"200\">A: Rahmenh\u00f6he<\/td>\n<td style=\"text-align: center;\" width=\"80\">500<\/td>\n<td style=\"text-align: center;\" width=\"80\">530<\/td>\n<td style=\"text-align: center;\" width=\"80\">560<\/td>\n<td style=\"text-align: center;\" width=\"80\">590<\/td>\n<td style=\"text-align: center;\" width=\"80\">620<\/td>\n<\/tr>\n<tr>\n<td>Reach<\/td>\n<td style=\"text-align: center;\">389<\/td>\n<td style=\"text-align: center;\">385<\/td>\n<td style=\"text-align: center;\">389<\/td>\n<td style=\"text-align: center;\">395<\/td>\n<td style=\"text-align: center;\">406<\/td>\n<\/tr>\n<tr>\n<td>Stack<\/td>\n<td style=\"text-align: center;\">543<\/td>\n<td style=\"text-align: center;\">546<\/td>\n<td style=\"text-align: center;\">573<\/td>\n<td style=\"text-align: center;\">600<\/td>\n<td style=\"text-align: center;\">630<\/td>\n<\/tr>\n<tr>\n<td>B: Oberrohrl\u00e4nge<\/td>\n<td style=\"text-align: center;\">545<\/td>\n<td style=\"text-align: center;\">554<\/td>\n<td style=\"text-align: center;\">568<\/td>\n<td style=\"text-align: center;\">590<\/td>\n<td style=\"text-align: center;\">610<\/td>\n<\/tr>\n<tr>\n<td>C: Steuerrohrwinkel<\/td>\n<td style=\"text-align: center;\">72,0\u00b0<\/td>\n<td style=\"text-align: center;\">72,0\u00b0<\/td>\n<td style=\"text-align: center;\">72,0\u00b0<\/td>\n<td style=\"text-align: center;\">72,0\u00b0<\/td>\n<td style=\"text-align: center;\">72,0\u00b0<\/td>\n<\/tr>\n<tr>\n<td>D: Sattelrohrwinkel<\/td>\n<td style=\"text-align: center;\">74,0\u00b0<\/td>\n<td style=\"text-align: center;\">73,0\u00b0<\/td>\n<td style=\"text-align: center;\">72,5\u00b0<\/td>\n<td style=\"text-align: center;\">72,0\u00b0<\/td>\n<td style=\"text-align: center;\">72,0\u00b0<\/td>\n<\/tr>\n<tr>\n<td>E: Kettenstreben<\/td>\n<td style=\"text-align: center;\">445<\/td>\n<td style=\"text-align: center;\">445<\/td>\n<td style=\"text-align: center;\">445<\/td>\n<td style=\"text-align: center;\">445<\/td>\n<td style=\"text-align: center;\">445<\/td>\n<\/tr>\n<tr>\n<td><\/td>\n<td><\/td>\n<td><\/td>\n<td><\/td>\n<td style=\"text-align: center;\"><\/td>\n<td style=\"text-align: center;\"><\/td>\n<\/tr>\n<tr>\n<td>F: Radstand<\/td>\n<td style=\"text-align: center;\">1039<\/td>\n<td style=\"text-align: center;\">1039<\/td>\n<td style=\"text-align: center;\">1049<\/td>\n<td style=\"text-align: center;\">1061<\/td>\n<td style=\"text-align: center;\">1086<\/td>\n<\/tr>\n<tr>\n<td><\/td>\n<td><\/td>\n<td><\/td>\n<td><\/td>\n<td><\/td>\n<td><\/td>\n<\/tr>\n<tr>\n<td>\u00dcberstandsh\u00f6he bei 37mm Bereifung<\/td>\n<td style=\"text-align: center;\">771<\/td>\n<td style=\"text-align: center;\">791<\/td>\n<td style=\"text-align: center;\">819<\/td>\n<td style=\"text-align: center;\">846<\/td>\n<td style=\"text-align: center;\">875<\/td>\n<\/tr>\n<tr>\n<td>G: Gabelvorbiegung<\/td>\n<td style=\"text-align: center;\">55<\/td>\n<td style=\"text-align: center;\">55<\/td>\n<td style=\"text-align: center;\">55<\/td>\n<td style=\"text-align: center;\">55<\/td>\n<td style=\"text-align: center;\">55<\/td>\n<\/tr>\n<\/tbody>\n<\/table>\n","protected":false},"excerpt":{"rendered":"<p>Als Reiserad ist das Paripa JWD ein echtes Cham\u00e4leon: Mit gutem Geradeauslauf wenn es vollgeladen ist, aber spritzig und schnell ohne Gep\u00e4ck. Du kannst es als Komplettrad erwerben oder individuell zusammenstellen lassen. Rahmen und Gabel werden in RAL Farben nach Wunsch gepulvert! Wir haben den Rahmen mit Befestigungsm\u00f6glichkeiten f\u00fcr Schutzbleche, zwei Flaschen und Gep\u00e4cktr\u00e4ger vorn [&hellip;]<\/p>\n","protected":false},"author":4,"featured_media":0,"parent":40,"menu_order":0,"comment_status":"closed","ping_status":"open","template":"","meta":[],"_links":{"self":[{"href":"https:\/\/paripa.de\/index.php?rest_route=\/wp\/v2\/pages\/390"}],"collection":[{"href":"https:\/\/paripa.de\/index.php?rest_route=\/wp\/v2\/pages"}],"about":[{"href":"https:\/\/paripa.de\/index.php?rest_route=\/wp\/v2\/types\/page"}],"author":[{"embeddable":true,"href":"https:\/\/paripa.de\/index.php?rest_route=\/wp\/v2\/users\/4"}],"replies":[{"embeddable":true,"href":"https:\/\/paripa.de\/index.php?rest_route=%2Fwp%2Fv2%2Fcomments&post=390"}],"version-history":[{"count":4,"href":"https:\/\/paripa.de\/index.php?rest_route=\/wp\/v2\/pages\/390\/revisions"}],"predecessor-version":[{"id":551,"href":"https:\/\/paripa.de\/index.php?rest_route=\/wp\/v2\/pages\/390\/revisions\/551"}],"up":[{"embeddable":true,"href":"https:\/\/paripa.de\/index.php?rest_route=\/wp\/v2\/pages\/40"}],"wp:attachment":[{"href":"https:\/\/paripa.de\/index.php?rest_route=%2Fwp%2Fv2%2Fmedia&parent=390"}],"curies":[{"name":"wp","href":"https:\/\/api.w.org\/{rel}","templated":true}]}}